 = 3. List the prime factors of w.
2, 59
Let s = 682 + -360. Let f = 616 - s. List the prime factors of f.
2, 3, 7
Suppose 4*o - 1445 = -h + 6190, 2*o = 3*h - 22947. What are the prime factors of h?
3, 2549
Let t = 69337 - 32830. What are the prime factors of t?
3, 43, 283
Let o(c) = -c**3 - 6*c**2 + 2*c. Suppose -4*p + 3*p - 2*u + 10 = 0, -5*u = -2*p + 20. Suppose -p = 4*z + 18. List the prime factors of o(z).
5, 7
Let y(k) = -k**3 + 5*k**2 - 3*k. Let j be y(4). Suppose j*o + 326 = 86. List the prime factors of o/25*(-30)/1.
2, 3
Let y be (9 - 34)/(35/(-10) - -3). Suppose -18063 = -y*c + 23*c. What are the prime factors of c?
3, 223
Let d = -10691 + 13636. List the prime factors of d.
5, 19, 31
Let b be 3 + 3*2545/15. Suppose -223 = -d - 2*h, 2*d + 34 - b = 4*h. List the prime factors of d.
3, 7, 11
What are the prime factors of (-4)/(-8)*1*((-15 - -24345) + 10)?
2, 5, 1217
Let x be (-12)/(-21) - 66462/(-42). Suppose 5*i = -5*c + 1960, -6*c = -2*c - i - x. What are the prime factors of c?
5, 79
What are the prime factors of 26 + -23 - 7*-1132?
7927
Let u be (0 - 9/6)*27250/(-75). Suppose -465 = -f - 3*n, 1740 = 5*f + 5*n - u. List the prime factors of f.
3, 151
Let r(j) = 1647*j + 1858. What are the prime factors of r(16)?
2, 5, 7, 13, 31
Let n be (-4 + 4)/(6/(-3)). Suppose -3*z = 2*z - 5*m - 130, -2*m - 8 = n. Suppose -120 = -z*l + 20*l. What are the prime factors of l?
2, 3, 5
Let d(g) = g**3 + 2*g**2 - 11*g - 10. Let v be d(-4). Suppose 6*u - 1006 = -3*q + 4*u, 0 = -v*q + 5*u + 696. What are the prime factors of q?
2, 13
Let b = 85 - 219. List the prime factors of 0 + 1 + -4 + 7 - b.
2, 3, 23
Suppose -q = 2 + 3. Let y(j) be the first derivative of 8*j**3/3 - 17*j - 70. List the prime factors of y(q).
3, 61
List the prime factors of 6842 + (180/(-315))/(6/21).
2, 3, 5, 19
Let s(y) = 155*y + 10 - 108*y + 69*y. What are the prime factors of s(2)?
2, 11
Suppose -r + 3*r = 5*g + 16, -16 = 2*g - 4*r. List the prime factors of 5*((-24)/(-1) + g).
2, 5, 11
Let k = 16693 + -14230. List the prime factors of k.
3, 821
What are the prime factors of -4*147/28*20157/(-9)?
7, 6719
Suppose 14 = u + 2*j + 59, 41 = -u - 3*j. Let i = -60 - u. What are the prime factors of (i - -243)*(-1)/(-4)?
59
List the prime factors of (-148988)/(-22) + 1/(-3*(-99)/(-54)).
2, 1693
List the prime factors of (-5535)/(-20)*(-3608)/(-123).
2, 3, 11, 41
Suppose 9*v - 16 = 2. Suppose 0*r = -2*r + u + 1226, -v*r - 4*u = -1206. Suppose -4*s + r = 167. What are the prime factors of s?
3, 37
Suppose 5*u = 4*p + 12194, 7*u - 7342 = 4*u - 4*p. What are the prime factors of u?
2, 3, 11, 37
Let k = -13 - -17. Suppose -2*m + 5*m = -k*y - 7, -y + 4 = -5*m. Let q(i) = 30*i**2 - i + 1. List the prime factors of q(m).
2
Let s be (9/18)/((-1)/(-58)). Let g = -41 + s. List the prime factors of 2/(12/(-10))*g.
2, 5
Let r(y) = 18*y + 114. Let p be r(-6). Suppose -5*g + p*w - w = -3400, 0 = 3*g - w - 2042. What are the prime factors of g?
3, 227
Suppose 15763518 - 1293639 = 375*h + 64*h. What are the prime factors of h?
3, 10987
Suppose 47*j + 396030 = 1076349 + 1551194. What are the prime factors of j?
79, 601
Let o(a) = 6*a**2 + a + 3. Suppose -4*z + 16 = -3*s, 2*z + s = 7*z - 20. Let v be o(z). What are the prime factors of (-8)/16 - v/(-2)?
3, 17
Let j(y) = -1384*y**3 - 131*y**3 + y**2 + 61*y**3. What are the prime factors of j(-1)?
3, 5, 97
Suppose -2*q - 12*q = -168. Suppose -95 = 11*o - q*o. What are the prime factors of o?
5, 19
Let u(n) = 320*n - 3512. List the prime factors of u(31).
2, 3, 89
Let y = -465 - -468. Suppose -y*s + 2160 = 2*f, -761 = 5*s - f - 4361. What are the prime factors of s?
2, 3, 5
Suppose -8*m - 2664 = m. Let v = m - -490. Let i = v + -104. List the prime factors of i.
2, 3, 5
Suppose -2*u + s = -109, -34*s = 4*u - 38*s - 224. What are the prime factors of u?
53
Let t(b) = 3746*b - 402. List the prime factors of t(2).
2, 5, 709
Let b be -5*(0 - 1)*3. Let w be 3 + -2 - (15 + -15). Suppose -w + b = 2*c. What are the prime factors of c?
7
Suppose 3*y = 5*n + 6 + 28, 0 = -4*y - n + 76. Suppose 7480 = 29*p - y*p. List the prime factors of p.
2, 5, 17
Let m = 14 - 33. Let g(w) be the third derivative of w**6/120 + w**5/3 + 2*w**4/3 + w**3/2 + 37*w**2. List the prime factors of g(m).
2, 3, 5
Let c be (-10 + 4516/8)*(-1 - -3). Suppose a + 5*f = 8*f + c, 4*a - 4436 = 3*f. List the prime factors of a.
1109
Suppose -j + 24 - 23 = 0. Let t be (15/60)/(j/16). What are the prime factors of (0 + 0 + t)/(5/260)?
2, 13
Suppose 1596*s + 75520 = 3197*s - 1581*s. What are the prime factors of s?
2, 59
Let h(m) = m - 3. Let v be h(8). Suppose x = 5*p + 20, -9*p = -5*x - v*p + 16. Suppose -2*w + 0*r = -r - 295, x = 3*r + 3. What are the prime factors of w?
3, 7
Let k(x) = -3341*x - 4894. What are the prime factors of k(-9)?
5, 19, 53
Let g(v) = v - 3. Suppose 2*u - 5*s + 2*s = 2, -3*s = -4*u + 16. Let w be g(u). Suppose w*q + 218 = 5*y + q, 4*y - q - 180 = 0. List the prime factors of y.
2, 23
Let q be 1/1 + (-11 - -252). Let s = q - -218. What are the prime factors of s?
2, 5, 23
Suppose -5*s + 40 = 5*h - 3*h, -127 = -5*h + s. Suppose j = h*j - 7104. List the prime factors of j.
2, 37
Let v = 7710 - 2659. What are the prime factors of v?
5051
Suppose 29*o + 23783 = 346575 + 121981. List the prime factors of o.
7, 313
Let y = -80 - -453. Let m be 0/(4 + 1) - -8. Suppose -m*r = -275 - y. What are the prime factors of r?
3
Let t(q) = 2407*q**2 + 74*q - 161. List the prime factors of t(3).
2, 5431
Suppose -4*b - 1 - 3 = 0, 2*l + 4*b + 4 = 0. Suppose -3*q - 732 = -3*a, l = -3*a - 4*q + 990 - 230. What are the prime factors of a?
2, 31
Let z(o) = -162*o**2 - 6*o + 8. Let w be z(-2). Let p = w - -1405. What are the prime factors of p?
3, 7, 37
Suppose z + 2*y - 53708 = 0, 5*z - 137192 = 5*y + 131213. What are the prime factors of z?
2, 5, 7, 13, 59
Suppose 8*w - 8 = 4*w. Let i be -3*(-4)/w - (-1 - -2). Suppose -i*z - z = -360. What are the prime factors of z?
2, 3, 5
Let v(i) = -3157*i**3 + i**2 - i - 11. List the prime factors of v(-2).
3, 19, 443
Suppose -2*z - 2 + 26 = 0. Let x be (-3856)/(-6) + 16/z. Suppose -25*p + x = -18*p. List the prime factors of p.
2, 23
Let x = -92 + -103. Let c = -157 - x. What are the prime factors of c?
2, 19
Suppose q - 110 + 101 = 0. Suppose 22484 = 2*i + q*i. What are the prime factors of i?
2, 7, 73
Let h(z) be the third derivative of -z**6/3 - z**5/30 + 11*z**4/24 + 11*z**3/3 - 37*z**2 - 3. What are the prime factors of h(-2)?
2, 3, 13
Suppose 5*b - 3*l = 19, -3*b + 0*l = -2*l - 12. Suppose b*n + 6 = 0, 2*n = -3*p + 6*p. Let f(d) = 9*d**2 + 2*d - 1. List the prime factors of f(p).
31
Let i(t) = 6*t**2 - 1167*t + 188. What are the prime factors of i(195)?
773
Let y(b) = -b**3 + 139. Let a(d) = d + 1. Let z(o) = -6*o + 16. Let c(f) = 8*a(f) + z(f). Let w be c(-12). What are the prime factors of y(w)?
139
Suppose 3252*k = 3239*k + 47229. What are the prime factors of k?
3, 7, 173
Suppose 0 = 17*a - 16*a - 5. Suppose -l + 3*l = -a*o - 18, 0 = 2*l + 8. What are the prime factors of ((-4)/o - -73)/1?
3, 5
Let w = 22127 + 5595. List the prime factors of w.
2, 83, 167
Suppose 4 = -3*h + 5*m, 2*h = 5*m + 6 - 2. Let n be (3 - 1) + -39 + h. Let d = n - -116. List the prime factors of d.
71
Let v(t) = -36*t**3 - 2*t**2 - t + 9. List the prime factors of v(-6).
3, 31, 83
Let n(x) = 11*x - 14. Let a = 53 + 7. Suppose -11*m = -a - 39. What are the prime factors of n(m)?
5, 17
Suppose -5*u = -4*t - 11, 3*u + 15 = 7*u + 3*t. Suppose -u*z + 6*z - 4*d = 321, 3*d = -2*z + 197. List the prime factors of z.
103
Suppose -97512 = -33*o + 6*o + 19*o. What are the prime factors of o?
3, 17, 239
Let t(v) = -227*v + 2266. List the prime factors of t(-12).
2, 5, 499
Let j(i) = i**2 + 5*i - 9. Let o(u) = -6*u + 35. Let b be o(7). Let z be (b/3)/(3/(-9)). What are the prime factors of j(z)?
3, 5
Let i(f) be the first derivative of f**4/4 + 5*f**3/3 - f**2 + 17*f + 34. Let c(u) = u**2 - 1. Let b(g) = 6*c(g) + i(g). What are the prime factors of b(-10)?
131
Let f(m) = m**2 + m + 54. Let o be f(-8). Suppose 128*x - 15570 = o*x. What are the prime factors of x?
5, 173
Suppose 4*k - 726 - 1130 = 0. Let z(v) = v**2 + v - 7. Let i be z(-4). Suppose i*x - 61 = k. List the prime factors of